 -19 + 25. Let a(j) = -2*j + 8. Determine a(y).
-4
Let f(m) = -19*m**2 + 1. Let j be (-8)/(-16)*(-6)/(6/2). Calculate f(j).
-18
Let r(b) = -b**2 - 7*b - 7. Suppose 5*k + 15 = 4*k. Let z be 87/(-15) - (-3)/k. Determine r(z).
-1
Let y(w) = -13*w + 47 - 48 - 4*w. What is y(-1)?
16
Let t(z) = -z**2 - 7. Let b(r) = r**3 + 8*r**2 - 8*r + 10. Let q be b(-9). Suppose -2*o = g + 2, 2*g + o = -2*g - q. Calculate t(g).
-7
Let h(u) = -u**2 - 6*u - 4. Let y(l) = -2*l**2 - 12*l - 7. Let m(j) = 5*h(j) - 3*y(j). Give m(-5).
-4
Let h(t) = -t - 4. Let p = 3 + -3. Let s be h(p). Let k(o) = o**2 + 5*o + 1. Calculate k(s).
-3
Let d be (-2)/6 - (-8)/6. Let o be d/(-2) - 30/12. Let v(y) = y**2 - 4*y - 4. Let q(p) = -p**2 + 3*p + 4. Let n(s) = o*v(s) - 4*q(s). Give n(3).
5
Let g(m) be the second derivative of -m**5/20 - m**4/2 - m**3/6 + 3*m**2/2 - 2*m. Give g(-5).
-17
Let p(z) be the second derivative of -z**4/12 - 5*z**3/6 + z**2/2 - z. Let i be (-6)/3 - 6/2. Determine p(i).
1
Let y(i) = -2*i + i + 2*i - 1 - 3. Determine y(3).
-1
Let l(s) = -s**3 - 4*s**2 - 2*s - 1. Suppose 0*h = -h + x + 20, -5*h - 3*x = -108. Let q = h - 24. Determine l(q).
-4
Let i(r) = -r**3 - 6*r**2 + 8*r. Let c(n) be the third derivative of -n**4/12 + 5*n**3/6 + 4*n**2. Let g be c(6). Determine i(g).
-7
Suppose 20 = -4*j + 8*j. Let v(q) = -j*q**2 + q**2 + 2*q - q**3 - 7 + q. What is v(-5)?
3
Let x(c) = c. Let f be x(2). Let l(u) = 4 + u - 8 + f. Give l(6).
4
Let d = -3 + -2. Let c(z) be the second derivative of z**4/24 + 11*z**3/6 - 3*z**2/2 - 2*z. Let f(b) be the first derivative of c(b). Determine f(d).
6
Let b(f) = -f**3 - 4*f**2 - f + 1. Let h be b(-4). Let w(u) be the third derivative of -5/24*u**4 + 0 - 2*u**2 - 1/30*u**h - 1/2*u**3 + 0*u. Determine w(-3).
-6
Let j(u) = 2*u**3 + 3 - u**3 - 4 + u**2. Suppose -4*d + 5*n - 21 = 0, -d + 3*n - 24 = -2*n. What is j(d)?
1
Let n(v) = 4*v + 3. Suppose -5 = -0*i + i. Determine n(i).
-17
Let p(w) = -w**3 + w**2 - 2. Let r be 2 - 0 - 0/3. Let c(g) = -g**3 + 3*g**2 - 2. Let n be c(r). Give p(n).
-6
Let l(w) = 5*w**2 - w + 3. Let f(k) = -2*k**2 - 2. Let a(d) = 7*f(d) + 3*l(d). Calculate a(5).
5
Let f(m) = 2*m - 19. Let s = 31 - 22. Let h be f(s). Let q(k) = -4 + 4*k**2 - k + 3 + 0*k**2. Give q(h).
4
Let z(x) = x**3 - x**2 - 2*x + 4. Suppose -9*r - 19 = 8. Determine z(r).
-26
Suppose -15 = -0*m + 5*m. Let b(c) = -c - 2. Let x(l) = l + 2. Let q(d) = m*x(d) - 2*b(d). Let r(a) = a**3 - 4*a**2 - 6*a + 2. Let u be r(5). Determine q(u).
1
Let u(h) = 3*h**3 - 5*h**2 - h**3 - h - h**3 + 4. Let p be u(5). Let z(t) = 3*t + 1. Determine z(p).
-2
Let w = 5 + -8. Let y(b) = b**2 + 4*b + 1. What is y(w)?
-2
Let z be 2/11 + (-13)/11. Let y(x) be the second derivative of -4/3*x**3 + 1/2*x**2 + 0 + 2*x. Determine y(z).
9
Let h(x) = x**3 - 4*x**2 + 5*x - 4. Let a be h(3). Let i = 0 + a. Let f(j) = -6*j + 3*j - 5*j**i + j**3 + 2 + 2*j. Determine f(5).
-3
Let x(w) = -3*w**2 + 5*w + 17. Let n(u) = -u**2 + 2*u + 8. Let i(p) = -5*n(p) + 2*x(p). What is i(0)?
-6
Let o(i) = i**2 + i - 2. Let x be -2 + 0/1 + 8. Suppose 0 = 4*h + q + 8, -h - 2*h + 2*q = x. Let u be o(h). Let s(y) = y + 6. What is s(u)?
6
Let n(d) = -3*d + 4. Let j(c) = -8*c + 11. Suppose 4 = 2*w - 3*w + 4*a, 3*w - 20 = -4*a. Let z(y) = w*j(y) - 11*n(y). Let i be (1 + -2)/(-1 - 0). What is z(i)?
1
Let r = -2 - 0. Let w be (r/(-2))/((-8)/(-16)). Suppose 8 - 4 = w*g. Let u(f) = 2*f + 1. Give u(g).
5
Let n(o) = -8*o**3 - 1 + o + 9*o**3 + 0*o**3 - 4*o**2. What is n(3)?
-7
Let d(c) = 6*c**3 + c**2 - 7*c + 5. Let i(u) = 5*u**3 - 6*u + 4. Let y(x) = -4*d(x) + 5*i(x). Give y(4).
-8
Let g(l) = -l - 2. Let y(q) = -q - 5. Let i be y(-8). Let r be (-51)/(-9) - (-1)/i. Give g(r).
-8
Let f(i) be the second derivative of 0 - 2/3*i**3 + 2*i - 1/2*i**2 + 1/12*i**4. Suppose x = -3*u - 4, 6 + 6 = -4*u. Calculate f(x).
4
Let k(d) be the first derivative of d**4/4 + d**3/3 - 15. Determine k(-2).
-4
Let n(y) = -4 + 10 + 0 - 7 - 5*y**3. Calculate n(1).
-6
Let l(a) = -a**3 + a**2 + 5*a - 3. Let m be l(3). Let g(h) = h. Determine g(m).
-6
Let o(g) = 2*g - 16. Let s be o(9). Let q(i) = -1 + 2*i**3 + 0*i + 0*i + 3*i - 3*i**2. Give q(s).
9
Let r = 2 - -1. Let v(c) be the third derivative of -1/120*c**6 + 0 - 1/3*c**3 + 0*c - 2*c**2 + 1/6*c**4 + 1/30*c**5. Give v(r).
1
Let x(d) = 3*d + 4. Let f(a) = a**2 + 4*a - 28. Let h be f(4). What is x(h)?
16
Let p(a) = a + a + a + 1. Let f be (2/(-3))/(4/(-6)). Give p(f).
4
Let v(y) = 0 - 39*y - y**2 - 3 + 32*y. Give v(-5).
7
Let x(y) be the third derivative of -y**8/3360 - y**7/1260 + y**6/720 - y**5/60 - y**4/8 + y**2. Let m(b) be the second derivative of x(b). Determine m(-2).
4
Let v(d) be the third derivative of 1/60*d**5 + 1/6*d**3 + 0 - 2*d**2 + 0*d + 0*d**4. Let n = 53 - 51. Calculate v(n).
5
Let u(m) = -m**2 - 7*m - 2. Let v(n) be the second derivative of n**3/6 + n**2 - 5*n. Let p be v(-7). What is u(p)?
8
Let v = -18 + 12. Let d be 3/(4/(64/v)). Let x be 12/d*1*2. Let f(n) = -n**3 - 2*n**2 + 2*n - 1. Calculate f(x).
2
Let c(n) be the first derivative of -2*n**3/3 - 3*n**2 - 18. Give c(-5).
-20
Let x(h) = 3*h**2 - h. Let m be x(1). Let f(b) = -2 - 5*b - 2 - b**m + 4 + 4. What is f(-5)?
4
Suppose -5*y + 5 = -15. Let d(q) = -2 + 3 + 3*q - q**2 - 2. Give d(y).
-5
Let i(a) = 6*a**3 - a**2 - a + 1. Let o be i(1). Suppose 2*d - o = 5. Let t(m) = 3 + 0 + 2*m - 3*m. Calculate t(d).
-2
Let r be (3/(-2))/((-12)/(-16)). Let o be (3/2 + r)*-2. Let p(u) = -4*u. Give p(o).
-4
Suppose 0*h - 14 = -2*h. Let o(k) = -2*k**2 + 6*k + 7. Let v = 4 - -2. Let w(z) = z**2 - 5*z - 6. Let u(a) = h*w(a) + v*o(a). What is u(-1)?
-6
Let u = 14 - 14. Suppose -3*y = 2*s - 10, 4*y + s - 6*s + 2 = 0. Let o(d) = u*d**2 - y*d**3 + 2 + 5*d**3 - 2*d**3 - 4*d - 2*d**2. Determine o(3).
-1
Let x(i) = 10*i + 1. Let r(d) be the first derivative of -d**2/2 + 2*d + 2. Let m be r(-2). Suppose -t = -5*t - 3*f + 10, 0 = -m*f + 8. Calculate x(t).
11
Let k(t) = 3*t**2 + 2*t + 2. Let a(f) = -f**2 - f - 1. Let d be -1 + 2 + -4 - -12. Let p(b) = d*a(b) + 4*k(b). Calculate p(-1).
3
Let q(b) be the third derivative of -b**6/120 - 3*b**5/20 - 7*b**4/24 + b**3/6 + 2*b**2 - 5. Calculate q(-8).
-7
Let b(m) = -3*m**2 - 1 + 6 - 6 - m + m**3 - 2. What is b(4)?
9
Suppose 0 = -4*b + 2*l, 2*b - 5*l = 3*b. Let x(a) be the third derivative of 0 + 1/60*a**5 - 5*a**2 - 2*a**3 + 1/24*a**4 + 0*a. Calculate x(b).
-12
Let k(f) = -f**3 + 7*f**2 - 6*f + 4. Let v(l) = l**2 - 6*l - 2. Let o be v(7). Suppose -15 = -o*w + 15. Calculate k(w).
4
Suppose 5*t - 2 = -2*q, -3*t + 5*t - 5 = -5*q. Let p(m) = 6*m**3 + 2*m**2 - 2*m + 1. What is p(q)?
7
Let p = -18 - -20. Let k(t) = t**3 + 0*t**2 + t - 4*t**2 + 5 + 3*t**2 + 5*t**p. Let m = 4 + -8. Determine k(m).
1
Let d(z) = z**3 - 6*z**2 + z - 7. Let a be d(6). Let v(g) = -g - 1. Let b(c) = 2*c - 2. Let j(h) = -b(h) + 3*v(h). Determine j(a).
4
Let n(u) be the third derivative of u**4/6 - u**3/6 - 4*u**2. Let z be 2/10 + 4/5. Let a = z - 2. Calculate n(a).
-5
Suppose 8 + 2 = 5*h. Let x(u) be the second derivative of u**3/3 - 7*u. Give x(h).
4
Suppose -y = l + 10, -3 = -y + 3*l + 3. Let v(z) = z**2 + 7*z - 8. What is v(y)?
-14
Suppose s + s + 4 = 0. Let f(g) = -2*g**2 + g + 2. Determine f(s).
-8
Let p(l) = -7 + 17 - 8 - 4*l. Suppose 4*r = 4*b - 0*b - 28, -2*r = 8. Let g = -1 + b. Give p(g).
-6
Let h(i) = 2*i**3 + 6 + 4 - 12 - 2*i**2. Determine h(2).
6
Let z(k) = -2*k**2 + 3*k - 1. Let u be z(2). Let b(d) = -d**3 + 4 - 1 - 4*d**2 - 2. Give b(u).
-8
Let x be 448/77 - 4/(-22). Let r(d) = -d + 2. What is r(x)?
-4
Suppose -2*g = -g - 3. Let z(t) = -7 + 0 + g + 7*t**2 + 3. Let v = 0 + 1. What is z(v)?
6
Let t(b) = 0*b - 5*b + b**3 + 2 - b**2 - 2*b**2 + 4. Let w be t(4). Let c(k) = -k**2 + k - 1. Calculate c(w).
-3
Let o(t) = -6*t. Let d(b) = 5*b - 1. Let s be d(1). Suppose 3*n - s = -7. Determine o(n).
6
Suppose -2*k - s = -17, s = -2*k - s + 22. Suppose 0 = k*h - 11*h + 15. Let m(x) = x**2 - 2*x - 4. Give m(h).
-1
Let q(b) = -b**3 + b**2 - b - 1. Let i(n) = 3*n**3 - 9*n**2 + 5*n + 8. Let y(u) = i(u) + 4*q(u). What is y(-5)?
-1
Let z(c) = c**2 - c - 1. Let f(v) = -11 + v + 3*v**2 - 9*v - 2*v. Let i(q) = f(q) - 4*z(q). Suppose -4*b + 2*t + 0*t = 18, 2*b = 4*t - 6. Determine i(b).
-2
Let l(o) be the third derivative of -o**6/180 - o